 What is the remainder when (-3)/18*4*-213 is divided by y?
31
Let k(n) = -n**2 - 25*n + 4. Let o be k(-11). Let x = 230 - o. Calculate the remainder when x is divided by 13.
7
Let u(r) = 2*r**3 + 14*r**2 + 12*r - 4. Let i be u(-6). Let b(s) = 3*s**2 + 6*s - 8. What is the remainder when 46 is divided by b(i)?
14
Suppose -2*w = -4*o + 324, -3*w = -o + 40 + 36. Calculate the remainder when 5574 is divided by o.
80
Suppose 34*o + 352 = 38*o. Suppose 6*j = o - 22. Suppose 3*g - 121 = h + 233, 0 = 5*g - 2*h - 589. What is the remainder when g is divided by j?
9
Suppose 0 = -17*c + 18*c - 88. Let b = -37 + c. Calculate the remainder when b is divided by 14.
9
Let b = 182 - 141. Suppose b = -h + 48. What is the remainder when 70 is divided by h?
0
Suppose 4*r - 204 = 4*y, -r - 4*y + 59 = 13. Calculate the remainder when 87 is divided by r.
37
Let m(y) = 3*y**2 - 28*y - 112. What is the remainder when m(-5) is divided by ((-9)/6 - -1)*-30?
13
Let i(j) = 22*j**2 - 9*j. What is the remainder when 1260 is divided by i(1)?
12
Suppose -142*m + 20674 = -88*m - 7838. Calculate the remainder when m is divided by 59.
56
Let i = -8130 + 8190. Calculate the remainder when 8637 is divided by i.
57
Suppose 0 = 3*r, -3*j + 2*r + 9 = 6*r. Suppose 0 = -2*f - j*f + 5. Calculate the remainder when (f + 9)*(-5 - 295/(-25)) is divided by 14.
12
Suppose 350 = 4*r + 2*x, 5*x - 3*x - 265 = -3*r. What is the remainder when r is divided by 15?
10
Suppose -575 = 20*w - 25*w. What is the remainder when 1027 is divided by w?
107
Let k be 10/(-4)*(-16)/8. Suppose 2*o + x + 15 = 5*o, -3 = 2*o - k*x. Suppose -4*t = -o*t + 22. Calculate the remainder when 19 is divided by t.
8
Let x(p) = 2*p - 1. Let g = 21 - 18. Let q be x(g). Suppose 3*w = q*c + 48 + 33, -2*c - 116 = -5*w. Calculate the remainder when 86 is divided by w.
20
Let l(p) = 3*p + 1. Let v be l(-3). Let o(z) = 2*z**3 + 17*z**2 + 4*z - 7. Let y be o(v). Suppose c - 6*c + y = 0. What is the remainder when 8 is divided by c?
3
Let z(o) = 2*o**3 + 10*o**2 - 23*o + 15. Let k be z(9). Suppose -4*l = 8*l - k. What is the remainder when l is divided by 22?
19
Suppose -2*m + 495 = 183. What is the remainder when m is divided by 1?
0
What is the remainder when (-47)/(893/266) - -74 is divided by 26?
8
Suppose 2*t - 68 = -3*s, -5*t - 3*s + 161 = 9. What is the remainder when 693 is divided by t?
21
Calculate the remainder when (-300)/(-240)*13692/5 is divided by 262.
17
Let z(c) = -7*c - 1 - 5*c - 9. What is the remainder when z(-6) is divided by (-1 + (-38)/4)/(195/(-130))?
6
Suppose 5*d - 4*q - 226 = 0, -163 = -4*d + q + 9. Suppose 2566 + 1592 - 935 = 11*r. Calculate the remainder when r is divided by d.
41
Suppose -4*m + 40 = -5*x + 8*x, 2*m = 4*x + 20. Suppose 1451 = m*i + 171. Calculate the remainder when i is divided by 28.
16
Let l(x) = 12*x - 1. Let j be l(-1). What is the remainder when 138 is divided by 6*(1/3 + j/(-3))?
26
Let j(u) = 6*u**2 - 531*u + 269. Suppose 7*p - 55 = 3*p + 3*b, -5*p + 67 = -2*b. Suppose 2 - p = -q. What is the remainder when q is divided by j(88)?
1
Let i(d) be the second derivative of -d**4/6 + 9*d**3/2 + 27*d**2/2 - 96*d. Calculate the remainder when i(12) is divided by 59.
4
Suppose -30 = -59*h + 44*h. Suppose -25 = 5*c, 116*p - 111*p - 25 = h*c. Calculate the remainder when 13 is divided by p.
1
Let k(c) = -22*c - 797 + 2466 - 815 - 826. What is the remainder when k(0) is divided by (1/(-2))/((-1)/20)?
8
Let m(f) = 4*f**2 - f - 16. Let i be (-2)/4*0 - -5. Let c be m(i). Suppose -31 + c = 3*g. Calculate the remainder when 42 is divided by g.
10
Let v(k) = 4*k**2 - 9*k + 9. Let h(o) = 2*o**3 - 7*o**2 - 17*o - 5. Let w be h(7). Suppose 132 + w = 9*a. What is the remainder when v(8) is divided by a?
37
Suppose 10*f = -23*f + 17*f + 656. What is the remainder when 149 is divided by f?
26
Let t = -70 - -299. Let l(d) = 10*d - 91. What is the remainder when t is divided by l(13)?
34
What is the remainder when 63 + (-14 - (-1 + -12)) is divided by 38?
24
Let z = 495 + -494. What is the remainder when (48/10 - z)*(-205 + 210) is divided by 5?
4
Suppose 241*f = 265*f - 720. Calculate the remainder when 4588 is divided by f.
28
Let w(x) = -55*x - 1165. What is the remainder when w(-26) is divided by 39?
31
Suppose 2*v = -2*n + 308, 2*n - 441 = -3*v + 6*n. What is the remainder when v is divided by (5 + 4 + -37)*10/120*-3?
4
Let n(h) = 50*h - 393. Suppose 8*o - 36 = 28. Calculate the remainder when 40 is divided by n(o).
5
Suppose 48*z = 51*z + 2*h - 1755, -5*h = z - 611. What is the remainder when z is divided by 73?
70
Calculate the remainder when (2 - 3 - 15/30)*-2 + 144 is divided by 43.
18
Suppose -6*f = 8*f + 42. What is the remainder when (-5 - f)*(2 + -6) is divided by ((-10)/(-15))/((-2)/(-9))?
2
Let s(o) = -o**2 - 17*o + 41. Suppose 31 + 7 = -2*c. Let b be s(c). What is the remainder when (-620)/(-10) + (-1 + -11)/b is divided by 20?
18
Let f = -899 + 916. Let m be 2 + 29*(2 - 0). Suppose z = -z + m. What is the remainder when z is divided by f?
13
Suppose -3 + 17 = 2*k - 2*q, 3*k = -2*q + 1. Suppose -4*c - k = 9, 3*v + c = 12. What is the remainder when 24 is divided by v?
4
Let t(b) = 21*b**2 - 58*b + 120. Calculate the remainder when 414 is divided by t(4).
190
Let a(c) = -2*c**2 - 39*c + 22. Let f be a(-20). Suppose 0 = 5*x - j - 0*j - 35, f*x = -5*j + 41. Calculate the remainder when 15 is divided by x.
7
Let l(d) = d**3 + 6*d**2 + 10*d + 10. Let m be l(-4). Calculate the remainder when 45 is divided by 7/(7/(-4))*(m - 5).
9
Let c be (-2)/(-14) - 522/(-21). Suppose -c*o = o - 286. Let h = 15 + -8. What is the remainder when o is divided by h?
4
Suppose -69*x + 73*x - 465 = -3*l, 0 = -l + 2*x + 135. What is the remainder when l is divided by 53?
41
Let a(t) = 2*t**2. Let g(n) = -n**2 - 2*n - 2. Let l be g(-1). Let q be a(l). Suppose q*s - 44 + 6 = 0. Calculate the remainder when 54 is divided by s.
16
Suppose -9*g = -12*g + z + 20, 0 = -2*g - z + 10. What is the remainder when -3 + -1 + 24/4 + 21 is divided by g?
5
Suppose 5*z = 4*g - 19 + 22, -4*g + z + 9 = 0. Calculate the remainder when 19 is divided by (95/(-10) - -4)*(-5 + g).
8
Suppose -4*s = 4*p - 132, 5*s + 8 = s. What is the remainder when 1291 is divided by p?
31
Suppose 146431 + 5754 = 105*k - 4370. Calculate the remainder when k is divided by 6.
3
Calculate the remainder when (8 - 189/(-3)) + 8 + (-5 - 0) is divided by 1*(0 - -1) + 14.
14
Suppose 2*k + 2*x = 16, 2*k = -6*x + 72 - 48. What is the remainder when 5758 is divided by k?
4
Suppose 80 = 5*k + 5*j, 3*k = 4*k - 4*j - 21. Calculate the remainder when 9/6 - (-3)/2 - -45 is divided by k.
14
Calculate the remainder when ((-289310)/(-210))/(3/9) is divided by 78.
77
Suppose 14*y - 9*y = 590. What is the remainder when y is divided by 5/(4 + -3) - -7?
10
Let l = 324 - 429. Let m = l + 180. What is the remainder when m is divided by 16?
11
Let n(s) = -2*s**3 - 19*s**2 - 40*s + 18. What is the remainder when 281 is divided by n(-6)?
5
Suppose z - 3*b + 2 = 0, -b = -4*z - 9 - 21. What is the remainder when 57 is divided by (-250)/z + (-30)/24?
27
Suppose -1402 + 9602 = 410*v. What is the remainder when (1*-1)/(3/(-294)) is divided by v?
18
Suppose -32 = 3*h - 3*o + 94, -12 = -3*o. Let a = h + 58. Suppose 2*t - a = 96. Calculate the remainder when t is divided by 15.
13
Let a = -135 - -210. Suppose 3*u + 1386 = 14*u. Let v = u + -100. Calculate the remainder when a is divided by v.
23
Let n(h) = h**2 + 19*h - 389. What is the remainder when 419 is divided by n(-34)?
56
Let g(p) = 17*p**3 + 115*p**2 - 7. What is the remainder when g(-6) is divided by 79?
66
Let w(t) be the first derivative of 20*t**3/3 + 7*t**2/2 + 8*t - 1. What is the remainder when 99 is divided by w(-1)?
15
Suppose 9*v - 23640 = -22317. What is the remainder when 599 is divided by v?
11
Let d = 4 - 9. Let k(y) = -y**3 + 21*y**2 - 55*y + 12. Let s be k(18). What is the remainder when 16 is divided by (0 + 5)*s/d?
4
Calculate the remainder when (-1236648)/(-96) + -3 + (-6)/(-24) is divided by 13.
9
Suppose -3*f = -3*m - 393, 64 - 451 = -3*f + m. Calculate the remainder when 621 is divided by f.
109
Let p = -13 + 15. Let s(l) = 9*l**2 + 4*l. Let f be s(p). Suppose 2*m - f = 14. Calculate the remainder when m i